e prime factors of 9616615?
5, 1923323
What are the prime factors of 12445354?
2, 53, 137, 857
What are the prime factors of 565706?
2, 19, 14887
What are the prime factors of 1147386?
2, 3, 191231
What are the prime factors of 3650576?
2, 151, 1511
What are the prime factors of 472836?
2, 3, 7, 13, 433
List the prime factors of 9166427.
9166427
List the prime factors of 367876.
2, 91969
What are the prime factors of 9102?
2, 3, 37, 41
What are the prime factors of 2746878?
2, 3, 457813
What are the prime factors of 245840?
2, 5, 7, 439
What are the prime factors of 170003?
170003
What are the prime factors of 111455?
5, 22291
List the prime factors of 3267708.
2, 3, 307, 887
List the prime factors of 1754111.
17, 103183
List the prime factors of 834430.
2, 5, 83443
List the prime factors of 721208.
2, 17, 5303
List the prime factors of 128002.
2, 7, 41, 223
What are the prime factors of 9187187?
71, 83, 1559
List the prime factors of 566773.
31, 47, 389
What are the prime factors of 19597625?
5, 156781
List the prime factors of 32904132.
2, 3, 61, 79, 569
What are the prime factors of 13020795?
3, 5, 19, 97, 157
List the prime factors of 89053.
19, 43, 109
List the prime factors of 52980.
2, 3, 5, 883
List the prime factors of 1104659.
1104659
What are the prime factors of 100932?
2, 3, 13, 647
What are the prime factors of 859407?
3, 286469
List the prime factors of 2538098.
2, 1269049
List the prime factors of 1076833.
61, 127, 139
List the prime factors of 407052.
2, 3, 3769
What are the prime factors of 682162?
2, 13, 26237
What are the prime factors of 9396409?
11, 37, 23087
List the prime factors of 15060154.
2, 7530077
What are the prime factors of 369123?
3, 41, 3001
What are the prime factors of 7869347?
619, 12713
List the prime factors of 22959.
3, 2551
What are the prime factors of 171508?
2, 53, 809
What are the prime factors of 43335?
3, 5, 107
What are the prime factors of 209493?
3, 7759
List the prime factors of 1755746.
2, 877873
What are the prime factors of 5982925?
5, 13, 41, 449
List the prime factors of 1844131.
1844131
List the prime factors of 673028.
2, 113, 1489
What are the prime factors of 4682066?
2, 2341033
What are the prime factors of 4312903?
7, 616129
List the prime factors of 67375.
5, 7, 11
What are the prime factors of 178038?
2, 3, 7, 157
What are the prime factors of 17840634?
2, 3, 7, 424777
List the prime factors of 7155301.
2657, 2693
List the prime factors of 108221.
31, 3491
What are the prime factors of 3702492?
2, 3, 19, 5413
What are the prime factors of 2442129?
3, 814043
List the prime factors of 3611547.
3, 44587
List the prime factors of 346964.
2, 127, 683
What are the prime factors of 3518194?
2, 1759097
What are the prime factors of 1762393?
97, 18169
What are the prime factors of 7924178?
2, 19, 151, 1381
List the prime factors of 1519066.
2, 83, 9151
What are the prime factors of 511464?
2, 3, 101, 211
List the prime factors of 345541.
7, 49363
What are the prime factors of 32206574?
2, 16103287
What are the prime factors of 2575?
5, 103
List the prime factors of 786155.
5, 157231
List the prime factors of 178400.
2, 5, 223
What are the prime factors of 184354?
2, 92177
What are the prime factors of 64726?
2, 32363
What are the prime factors of 3943684?
2, 985921
What are the prime factors of 157780?
2, 5, 7, 23
What are the prime factors of 332194?
2, 163, 1019
What are the prime factors of 2314767?
3, 7, 13, 61, 139
What are the prime factors of 3232697?
13, 43, 5783
What are the prime factors of 337898?
2, 11, 15359
What are the prime factors of 1660341?
3, 553447
What are the prime factors of 690698?
2, 281, 1229
What are the prime factors of 5583484?
2, 1395871
List the prime factors of 1277972.
2, 23, 29, 479
What are the prime factors of 1478131?
421, 3511
List the prime factors of 524480.
2, 5, 11, 149
What are the prime factors of 39749631?
3, 1709, 7753
List the prime factors of 3825900.
2, 3, 5, 13, 109
What are the prime factors of 1386252?
2, 3, 7, 5501
List the prime factors of 442796.
2, 23, 4813
What are the prime factors of 1369998?
2, 3, 7, 83, 131
List the prime factors of 5398901.
29, 83, 2243
List the prime factors of 2024403.
3, 29, 23269
List the prime factors of 32247694.
2, 2311, 6977
List the prime factors of 908215.
5, 7, 11, 337
List the prime factors of 8673799.
37, 359, 653
What are the prime factors of 114034?
2, 23, 37, 67
What are the prime factors of 125182?
2, 62591
What are the prime factors of 23638658?
2, 877, 13477
What are the prime factors of 3012785?
5, 53, 11369
List the prime factors of 272794.
2, 136397
What are the prime factors of 32940198?
2, 3, 1830011
What are the prime factors of 8453330?
2, 5, 845333
List the prime factors of 451916.
2, 112979
List the prime factors of 285612.
2, 3, 23801
What are the prime factors of 635791?
13, 48907
What are the prime factors of 4157449?
4157449
What are the prime factors of 3707219?
47, 78877
What are the prime factors of 5844543?
3, 1948181
What are the prime factors of 1711219?
79, 21661
What are the prime factors of 156435?
3, 5, 10429
List the prime factors of 388699.
388699
List the prime factors of 95792.
2, 5987
What are the prime factors of 779983?
779983
List the prime factors of 4426672.
2, 23, 523
List the prime factors of 1262490.
2, 3, 5, 42083
List the prime factors of 96550.
2, 5, 1931
What are the prime factors of 26890753?
17, 71, 22279
List the prime factors of 278830.
2, 5, 27883
List the prime factors of 7701716.
2, 11, 175039
What are the prime factors of 2682593?
71, 37783
What are the prime factors of 3232949?
23, 29, 37, 131
List the prime factors of 2047384.
2, 255923
What are the prime factors of 1036688?
2, 64793
What are the prime factors of 1910205?
3, 5, 11, 17, 227
List the prime factors of 11395038.
2, 3, 37, 51329
List the prime factors of 10043894.
2, 7, 19, 61, 619
What are the prime factors of 484431?
3, 113, 1429
List the prime factors of 1022846.
2, 11, 19, 2447
What are the prime factors of 3984791?
3984791
What are the prime factors of 4832515?
5, 109, 8867
List the prime factors of 3716437.
29, 128153
What are the prime factors of 39260592?
2, 3, 7, 12983
List the prime factors of 174679.
174679
What are the prime factors of 113449?
7, 19, 853
What are the prime factors of 1492965?
3, 5, 11059
List the prime factors of 105028.
2, 7, 11, 31
What are the prime factors of 4530334?
2, 53, 79, 541
List the prime factors of 215008.
2, 6719
What are the prime factors of 5039898?
2, 3, 23, 59, 619
What are the prime factors of 356400?
2, 3, 5, 11
What are the prime factors of 370693?
370693
What are the prime factors of 823139?
37, 22247
List the prime factors of 1995572.
2, 23, 109, 199
What are the prime factors of 193494?
2, 3, 7, 17, 271
List the prime factors of 1963863.
3, 11, 83, 239
What are the prime factors of 2830701?
3, 943567
List the prime factors of 172354.
2, 7, 13, 947
List the prime factors of 365659.
7, 52237
List the prime factors of 1386516.
2, 3, 227, 509
List the prime factors of 389403.
3, 7, 883
What are the prime factors of 36921?
3, 31, 397
List the prime factors of 628349.
19, 33071
What are the prime factors of 678122?
2, 409, 829
List the prime factors of 8299678.
2, 4149839
What are the prime factors of 6954877?
6954877
What are the prime factors of 2480166?
2, 3, 13, 3533
List the prime factors of 12192283.
3089, 3947
List the prime factors of 5900256.
2, 3, 6829
List the prime factors of 3483032.
2, 7, 37, 41
What are the prime factors of 20387533?
349, 58417
What are the prime factors of 1955235?
3, 5, 130349
List the prime factors of 3500478.
2, 3, 194471
What are the prime factors of 3544435?
5, 163, 4349
What are the prime factors of 17632072?
2, 2204009
What are the prime factors of 10003817?
61, 163997
List the prime factors of 16147285.
5, 7, 11, 41941
List the prime factors of 23503264.
2, 734477
List the prime factors of 784550.
2, 5, 13, 17, 71
What are the prime factors of 1337594?
2, 17, 39341
List the prime factors of 420283.
37, 307
List the prime factors of 195535.
5, 39107
List the prime factors of 483864.
2, 3, 20161
What are the prime factors of 6173128?
2, 13, 59357
What are the prime factors of 315460?
2, 5, 